 - 29?
-2d
In base 6, what is -3 + 2322?
2315
In base 5, what is -1220 - 12?
-1232
In base 10, what is 3 - -13?
16
In base 8, what is -421 - 3?
-424
In base 16, what is -d6 + 4?
-d2
In base 12, what is 15 - -a?
23
In base 6, what is -12 - -20?
4
In base 14, what is -13 + -31?
-44
In base 4, what is 2 - 12131?
-12123
In base 10, what is 24 - 54?
-30
In base 10, what is -5 + -121?
-126
In base 12, what is 515 - 1?
514
In base 16, what is 5 - -3?
8
In base 16, what is 2d - 18?
15
In base 11, what is a1 + 5?
a6
In base 11, what is -6657 - -4?
-6653
In base 16, what is c - b?
1
In base 7, what is 2 + -6041?
-6036
In base 10, what is 3 + 2410?
2413
In base 16, what is 1 - -13?
14
In base 7, what is -30 - -35?
5
In base 2, what is -10 + 111010?
111000
In base 2, what is 100100 + 11?
100111
In base 12, what is -5 - -29?
24
In base 4, what is 12102221 + -3?
12102212
In base 14, what is 2 - -1b?
1d
In base 7, what is -6 + 123?
114
In base 9, what is 101 - 6?
84
In base 7, what is -2 + 144?
142
In base 8, what is 0 - 33?
-33
In base 11, what is 2a52 - -4?
2a56
In base 12, what is b76 - 10?
b66
In base 12, what is -9 - -31?
24
In base 12, what is -1245 + 3?
-1242
In base 16, what is -17e + -14?
-192
In base 4, what is 10 - 301?
-231
In base 8, what is 372 - 1?
371
In base 13, what is -1a8 + 0?
-1a8
In base 8, what is 5 - -236?
243
In base 12, what is 5 + -32?
-29
In base 9, what is -434 - -3?
-431
In base 11, what is 72 - -9a?
161
In base 5, what is -1021 + -10?
-1031
In base 13, what is -a5 - 2?
-a7
In base 9, what is -5 - 652?
-657
In base 14, what is -7 + -2b2?
-2b9
In base 10, what is 1570 + -2?
1568
In base 10, what is -9 + 663?
654
In base 8, what is -7 - -51?
42
In base 14, what is -1 - -21?
20
In base 6, what is 432 + 30?
502
In base 7, what is -4262 - -5?
-4254
In base 12, what is -10a - -11?
-b9
In base 12, what is -294 - -5?
-28b
In base 2, what is -110000 + 11?
-101101
In base 14, what is -17 - 25?
-3c
In base 11, what is -399 + 0?
-399
In base 14, what is b - 5?
6
In base 3, what is -12 + -12211012?
-12211101
In base 5, what is -13 + 40?
22
In base 16, what is -34 - 17?
-4b
In base 11, what is -3 - 24a?
-252
In base 11, what is -1201 - -6?
-11a6
In base 4, what is 1 + 23101?
23102
In base 3, what is 11 - 2122?
-2111
In base 2, what is -11 - 1101101110?
-1101110001
In base 13, what is 85 + -4?
81
In base 12, what is -1283 - 1?
-1284
In base 5, what is 1113 + -12?
1101
In base 12, what is -78 + 2?
-76
In base 9, what is 13 + -6?
6
In base 2, what is -101000 - 101?
-101101
In base 7, what is 5 - -105?
113
In base 6, what is -1452 + 0?
-1452
In base 12, what is -1 - -4?
3
In base 7, what is 143 + -3?
140
In base 7, what is -2 + 42?
40
In base 4, what is 0 - 21?
-21
In base 9, what is -44 + 17?
-26
In base 3, what is 0 - 20100?
-20100
In base 14, what is 59c1 - 1?
59c0
In base 8, what is 15 - 2252?
-2235
In base 2, what is 101 - 100100111110?
-100100111001
In base 12, what is -1198 + -5?
-11a1
In base 11, what is 4 + 35a?
363
In base 8, what is 7 - 116?
-107
In base 11, what is 3 + 10?
13
In base 11, what is 349 - -2?
350
In base 4, what is -3 + 13332?
13323
In base 5, what is -1 - -123?
122
In base 7, what is -654 - 3?
-660
In base 16, what is -174 - -1?
-173
In base 10, what is -5 + -1398?
-1403
In base 2, what is -11111101 + 100?
-11111001
In base 2, what is 10 + 0?
10
In base 2, what is -1101101100 + 1?
-1101101011
In base 6, what is 235 - 5?
230
In base 5, what is 23144 - -1?
23200
In base 10, what is -11308 - 3?
-11311
In base 4, what is -1 + -201101?
-201102
In base 14, what is 3 - 139?
-136
In base 4, what is -223 + 3?
-220
In base 2, what is 111111111 - -10?
1000000001
In base 13, what is a29 + 2?
a2b
In base 12, what is 268 - -4?
270
In base 10, what is 7 - -1?
8
In base 11, what is 0 - -35?
35
In base 15, what is 0 + 7?
7
In base 6, what is 2 - -2?
4
In base 10, what is -8 - 37?
-45
In base 2, what is -1011111101110 + 0?
-1011111101110
In base 10, what is -199 + 0?
-199
In base 8, what is 2 + -101?
-77
In base 3, what is -10 - 1200?
-1210
In base 9, what is -4610 - -2?
-4607
In base 13, what is -8 + -261?
-269
In base 16, what is b0d + -2?
b0b
In base 16, what is 0 + -5?
-5
In base 2, what is -1001110 + 1001?
-1000101
In base 10, what is -3 + -116?
-119
In base 7, what is -156 - 0?
-156
In base 7, what is -3 + -566?
-602
In base 11, what is -6490 + 0?
-6490
In base 6, what is -3 + 25?
22
In base 8, what is 145 + -10?
135
In base 3, what is -220 - 101?
-1021
In base 9, what is 4 + -201?
-186
In base 6, what is -52 - -2?
-50
In base 9, what is 14 - -17?
32
In base 4, what is 11 + -1110103?
-1110032
In base 11, what is 18 - -19?
36
In base 16, what is -5 + 3a?
35
In base 16, what is -37 - -4?
-33
In base 9, what is 1363 - -12?
1375
In base 7, what is 1141 - -5?
1146
In base 6, what is -3 - 2135?
-2142
In base 5, what is -13 - 400?
-413
In base 8, what is -16 + -204?
-222
In base 3, what is 10 - -12?
22
In base 11, what is 2 - -539?
540
In base 13, what is -504 + 0?
-504
In base 13, what is 9 - -c0?
c9
In base 12, what is -190 + 2?
-18a
In base 2, what is -11 + -100110111?
-100111010
In base 8, what is -201 - -5?
-174
In base 13, what is 2 + -50?
-4b
In base 5, what is 321423 - 10?
321413
In base 13, what is 2949 + 4?
2950
In base 15, what is 6 - -790?
796
In base 4, what is -21 + -33?
-120
In base 16, what is -6 + -49a?
-4a0
In base 5, what is -103 - -4?
-44
In base 8, what is -1 - 141?
-142
In base 8, what is 3 - -2162?
2165
In base 5, what is 12123 + -3?
12120
In base 3, what is -22 - 1211?
-2010
In base 16, what is 52f - -3?
532
In base 14, what is 3 - -932?
935
In base 8, what is 3 + 1131?
1134
In base 5, what is 12 + 120?
132
In base 3, what is 0 + -22122210?
-22122210
In base 13, what is -19 - -3?
-16
In base 6, what is 0 + 122?
122
In base 16, what is 55 + -b?
4a
In base 14, what is -a1c1 + -1?
-a1c2
In base 2, what is -10001000001010 - -100?
-10001000000110
In base 11, what is 4 - a9a?
-a96
In base 4, what is 2 - 20313?
-20311
In base 12, what is -3162 - -4?
-315a
In base 8, what is -1 + -15?
-16
In base 15, what is -7 - 3?
-a
In base 4, what is -113 + 113?
0
In base 3, what is -11 + 2200?
2112
In base 8, what is -116 + -6?
-124
In base 5, what is 22 - 10?
12
In base 5, what is -3 + -12031?
-12034
In base 10, what is 146 + -4?
142
In base 7, what is -21 - 3?
-24
In base 4, what is -11 + 33220?
33203
In base 4, what is -3 + 3?
0
In base 16, what is 3 + 100a?
100d
In base 7, what is -4 + 434?
430
In base 9, what is -835 - -4?
-831
In base 2, what is -1000 - -101001111?
101000111
In base 4, what is -103 + 2031?
1322
In base 4, what is 1 + -1321?
-1320
In base 9, what is 8 + -87?
-78
In base 11, what is 4 + a9?
102
In base 6, what is -2135 + -25?
-2204
In base 14, what is -26 + 6?
-20
In base 11, what is -219 - -a?
-20a
In base 12, what is a1 - 4?
99
In base 7, what is -10 - 1653?
-1663
In base 6, what is -3 + 11100?
11053
In base 8, what is 121 + -152?
-31
In base 2, what is 11 + -101010?
-100111
In base 10, what is 51 - -4?
55
In base 11, what is 5 - 21?
-17
In base 9, what is 274 - 7?
266
In base 5, what is -40 + -3?
-43
In base 13, what is 2 + -10?
-b
In base 13, what is -1 - -54b?
54a
In base 12, what is -72 + -4?
-76
In base 8, what is -13 + 15?
2
In base 4, what is -10 + 301210?
301200
In base 13, what is 4 + 80?
84
In base 6, what is 3 + 223?
230
In base 12, what is -8 - -78?
70
In base 13, what is 0 + -79?
-79
In base 7, what is -12 + 352?
340
In base 16, what is 1 + 29a?
29b
In base 12, what is -142 - -15?
-129
In base 13, what is -8 - -71?
66
In base 14, what is 4 + 67?
6b
In base 4, what is -2 + -132?
-200
In base 3, what is 1120000 + 112?
1120112
In base 14, what is -8 + -652?
-65a
In base 3, what is 120220 + -2?
120211
In base 8, what is -243 + -5?
-250
In base 6, what is 152513 + -2?
152511
In base 7, what is -22 + -44?
-66
In base 12, what is 0 - 121?
-121
In base 15, what is 5 - -52?
57
In base 13, what is 3a8 + 0?
3a8
In base 12, what is 295 - -28?
301
In base 16, what is 20 - -2?
22
In base 3, what is 12 - -1011120?
1011202
In base 10, what is 5 + 8?
13
In base 6, what is 14035 + 2?
14041
In base 8, what is 4 - 17?
-13
In base 5, what is -233 - -1?
-232
In base 12, what is 17 - 357?
-340
In base 8, what is 4 + -